 are the prime factors of 2295?
3, 5, 17
What are the prime factors of 570?
2, 3, 5, 19
What are the prime factors of 39749?
39749
List the prime factors of 42185.
5, 11, 13, 59
What are the prime factors of 782?
2, 17, 23
What are the prime factors of 292?
2, 73
What are the prime factors of 3546?
2, 3, 197
What are the prime factors of 2438?
2, 23, 53
What are the prime factors of 31635?
3, 5, 19, 37
What are the prime factors of 102070?
2, 5, 59, 173
List the prime factors of 2102.
2, 1051
List the prime factors of 40928.
2, 1279
List the prime factors of 2758.
2, 7, 197
List the prime factors of 6909.
3, 7, 47
List the prime factors of 484.
2, 11
List the prime factors of 4310.
2, 5, 431
What are the prime factors of 19692?
2, 3, 547
What are the prime factors of 3154?
2, 19, 83
List the prime factors of 710.
2, 5, 71
What are the prime factors of 491?
491
What are the prime factors of 1134?
2, 3, 7
What are the prime factors of 22131?
3, 2459
What are the prime factors of 8863?
8863
What are the prime factors of 134310?
2, 3, 5, 11, 37
List the prime factors of 1534.
2, 13, 59
List the prime factors of 4994.
2, 11, 227
What are the prime factors of 1515?
3, 5, 101
List the prime factors of 10797.
3, 59, 61
List the prime factors of 624.
2, 3, 13
List the prime factors of 5375.
5, 43
List the prime factors of 100435.
5, 53, 379
What are the prime factors of 228?
2, 3, 19
What are the prime factors of 1201?
1201
List the prime factors of 112325.
5, 4493
List the prime factors of 10287.
3, 127
List the prime factors of 6372.
2, 3, 59
List the prime factors of 604.
2, 151
What are the prime factors of 47314?
2, 41, 577
What are the prime factors of 989?
23, 43
What are the prime factors of 33093?
3, 3677
List the prime factors of 7807.
37, 211
List the prime factors of 24885.
3, 5, 7, 79
List the prime factors of 147946.
2, 73973
List the prime factors of 30742.
2, 19, 809
What are the prime factors of 983?
983
List the prime factors of 3105.
3, 5, 23
List the prime factors of 860.
2, 5, 43
List the prime factors of 1245.
3, 5, 83
List the prime factors of 37411.
11, 19, 179
What are the prime factors of 2351?
2351
What are the prime factors of 1130?
2, 5, 113
List the prime factors of 2602.
2, 1301
List the prime factors of 1515.
3, 5, 101
List the prime factors of 2541.
3, 7, 11
List the prime factors of 373.
373
What are the prime factors of 4715?
5, 23, 41
List the prime factors of 1741.
1741
What are the prime factors of 87688?
2, 97, 113
List the prime factors of 906.
2, 3, 151
List the prime factors of 138964.
2, 7, 709
What are the prime factors of 55844?
2, 23, 607
What are the prime factors of 20151?
3, 2239
What are the prime factors of 139201?
139201
List the prime factors of 83.
83
List the prime factors of 3043.
17, 179
List the prime factors of 29213.
131, 223
What are the prime factors of 65339?
223, 293
List the prime factors of 2604.
2, 3, 7, 31
List the prime factors of 75.
3, 5
List the prime factors of 35514.
2, 3, 1973
What are the prime factors of 9373?
7, 13, 103
What are the prime factors of 2807?
7, 401
What are the prime factors of 498?
2, 3, 83
List the prime factors of 40402.
2, 20201
What are the prime factors of 38273?
38273
What are the prime factors of 621?
3, 23
List the prime factors of 36271.
19, 23, 83
What are the prime factors of 1163?
1163
List the prime factors of 1551.
3, 11, 47
What are the prime factors of 550?
2, 5, 11
What are the prime factors of 656?
2, 41
List the prime factors of 8695.
5, 37, 47
What are the prime factors of 52743?
3, 17581
List the prime factors of 84715.
5, 16943
What are the prime factors of 9287?
37, 251
What are the prime factors of 9733?
9733
What are the prime factors of 2374?
2, 1187
List the prime factors of 41400.
2, 3, 5, 23
What are the prime factors of 36546?
2, 3, 6091
List the prime factors of 21437.
13, 17, 97
What are the prime factors of 2173?
41, 53
What are the prime factors of 8399?
37, 227
What are the prime factors of 960?
2, 3, 5
What are the prime factors of 39548?
2, 9887
What are the prime factors of 1581?
3, 17, 31
What are the prime factors of 2960?
2, 5, 37
What are the prime factors of 379?
379
List the prime factors of 7111.
13, 547
List the prime factors of 5565.
3, 5, 7, 53
What are the prime factors of 6738?
2, 3, 1123
What are the prime factors of 21772?
2, 5443
List the prime factors of 25042.
2, 19, 659
What are the prime factors of 738?
2, 3, 41
List the prime factors of 12463.
11, 103
What are the prime factors of 10671?
3, 3557
List the prime factors of 150434.
2, 75217
List the prime factors of 2603.
19, 137
List the prime factors of 23200.
2, 5, 29
What are the prime factors of 6621?
3, 2207
List the prime factors of 1028.
2, 257
List the prime factors of 5771.
29, 199
What are the prime factors of 196?
2, 7
What are the prime factors of 5503?
5503
What are the prime factors of 3223?
11, 293
List the prime factors of 95694.
2, 3, 41, 389
List the prime factors of 48903.
3, 16301
List the prime factors of 2589.
3, 863
What are the prime factors of 1232?
2, 7, 11
List the prime factors of 2398.
2, 11, 109
List the prime factors of 9741.
3, 17, 191
List the prime factors of 759.
3, 11, 23
What are the prime factors of 74338?
2, 11, 31, 109
What are the prime factors of 28609?
7, 61, 67
List the prime factors of 2138.
2, 1069
What are the prime factors of 3381?
3, 7, 23
What are the prime factors of 18011?
7, 31, 83
What are the prime factors of 102230?
2, 5, 10223
List the prime factors of 1731.
3, 577
List the prime factors of 9306.
2, 3, 11, 47
List the prime factors of 21754.
2, 73, 149
List the prime factors of 11901.
3, 3967
List the prime factors of 29096.
2, 3637
What are the prime factors of 1415?
5, 283
List the prime factors of 106462.
2, 53231
List the prime factors of 3113.
11, 283
What are the prime factors of 24630?
2, 3, 5, 821
What are the prime factors of 66?
2, 3, 11
List the prime factors of 627.
3, 11, 19
List the prime factors of 17141.
61, 281
What are the prime factors of 2938?
2, 13, 113
What are the prime factors of 873?
3, 97
What are the prime factors of 3787?
7, 541
List the prime factors of 920.
2, 5, 23
What are the prime factors of 824?
2, 103
What are the prime factors of 951?
3, 317
List the prime factors of 5160.
2, 3, 5, 43
List the prime factors of 458.
2, 229
List the prime factors of 109.
109
What are the prime factors of 1534?
2, 13, 59
List the prime factors of 961.
31
What are the prime factors of 6400?
2, 5
What are the prime factors of 142281?
3, 15809
What are the prime factors of 1735?
5, 347
List the prime factors of 390.
2, 3, 5, 13
What are the prime factors of 910?
2, 5, 7, 13
What are the prime factors of 4547?
4547
List the prime factors of 2259.
3, 251
What are the prime factors of 38722?
2, 19, 1019
List the prime factors of 87157.
7, 12451
List the prime factors of 2645.
5, 23
What are the prime factors of 1403?
23, 61
What are the prime factors of 4018?
2, 7, 41
What are the prime factors of 144?
2, 3
What are the prime factors of 57931?
19, 3049
List the prime factors of 28640.
2, 5, 179
What are the prime factors of 30199?
13, 23, 101
List the prime factors of 4423.
4423
What are the prime factors of 2495?
5, 499
List the prime factors of 45941.
7, 6563
What are the prime factors of 8291?
8291
List the prime factors of 8070.
2, 3, 5, 269
List the prime factors of 16114.
2, 7, 1151
What are the prime factors of 6351?
3, 29, 73
List the prime factors of 1716.
2, 3, 11, 13
What are the prime factors of 138792?
2, 3, 5783
List the prime factors of 17766.
2, 3, 7, 47
List the prime factors of 2500.
2, 5
What are the prime factors of 835?
5, 167
What are the prime factors of 87055?
5, 23, 757
List the prime factors of 743.
743
What are the prime factors of 4045?
5, 809
List the prime factors of 437.
19, 23
What are the prime factors of 37422?
2, 3, 7, 11
List the prime factors of 6258.
2, 3, 7, 149
What are the prime factors of 1644?
2, 3, 137
What are the prime factors of 2858?
2, 1429
What are the prime factors of 78582?
2, 3, 7, 1871
What are the prime factors of 883?
883
What are the prime factors of 3274?
2, 1637
List the prime factors of 28194.
2, 3, 37, 127
List the prime fac